{"id":37,"date":"2018-08-26T13:55:06","date_gmt":"2018-08-26T13:55:06","guid":{"rendered":"http:\/\/neu.klavierladen.com\/?page_id=37"},"modified":"2018-08-29T16:28:03","modified_gmt":"2018-08-29T16:28:03","slug":"service","status":"publish","type":"page","link":"http:\/\/klavierladen.com\/?page_id=37","title":{"rendered":"Mein Service"},"content":{"rendered":"<ul>\n<li><strong>Stimmung<\/strong><\/li>\n<\/ul>\n<p><img loading=\"lazy\" decoding=\"async\" class=\"alignnone size-medium wp-image-49\" src=\"http:\/\/neu.klavierladen.com\/wp-content\/uploads\/2018\/08\/papa-300x265.jpg\" alt=\"\" width=\"300\" height=\"265\" srcset=\"http:\/\/klavierladen.com\/wp-content\/uploads\/2018\/08\/papa-300x265.jpg 300w, http:\/\/klavierladen.com\/wp-content\/uploads\/2018\/08\/papa-768x679.jpg 768w, http:\/\/klavierladen.com\/wp-content\/uploads\/2018\/08\/papa-1024x906.jpg 1024w\" sizes=\"(max-width: 300px) 100vw, 300px\" \/><\/p>\n<p>Als langj\u00e4hrig erfahrener Klavier- und Konzertstimmer komme ich nach Vereinbarung zu Ihnen, um Ihr Instrument zu stimmen, intonieren und kleinere Reparaturen durchzuf\u00fchren.<\/p>\n<p>&nbsp;<\/p>\n<ul>\n<li><strong>Reparaturen<\/strong><\/li>\n<\/ul>\n<p><img loading=\"lazy\" decoding=\"async\" class=\"alignnone size-medium wp-image-50\" src=\"http:\/\/neu.klavierladen.com\/wp-content\/uploads\/2018\/08\/werkstatt5-300x200.jpg\" alt=\"\" width=\"300\" height=\"200\" srcset=\"http:\/\/klavierladen.com\/wp-content\/uploads\/2018\/08\/werkstatt5-300x200.jpg 300w, http:\/\/klavierladen.com\/wp-content\/uploads\/2018\/08\/werkstatt5-768x512.jpg 768w, http:\/\/klavierladen.com\/wp-content\/uploads\/2018\/08\/werkstatt5-1024x683.jpg 1024w\" sizes=\"(max-width: 300px) 100vw, 300px\" \/> <img loading=\"lazy\" decoding=\"async\" class=\"size-medium wp-image-51 alignleft\" src=\"http:\/\/neu.klavierladen.com\/wp-content\/uploads\/2018\/08\/werkstatt6-300x200.jpg\" alt=\"\" width=\"300\" height=\"200\" srcset=\"http:\/\/klavierladen.com\/wp-content\/uploads\/2018\/08\/werkstatt6-300x200.jpg 300w, http:\/\/klavierladen.com\/wp-content\/uploads\/2018\/08\/werkstatt6-768x512.jpg 768w, http:\/\/klavierladen.com\/wp-content\/uploads\/2018\/08\/werkstatt6-1024x683.jpg 1024w\" sizes=\"(max-width: 300px) 100vw, 300px\" \/> <img loading=\"lazy\" decoding=\"async\" class=\"alignnone size-medium wp-image-52\" src=\"http:\/\/neu.klavierladen.com\/wp-content\/uploads\/2018\/08\/werkstatt7-300x210.jpg\" alt=\"\" width=\"300\" height=\"210\" srcset=\"http:\/\/klavierladen.com\/wp-content\/uploads\/2018\/08\/werkstatt7-300x210.jpg 300w, http:\/\/klavierladen.com\/wp-content\/uploads\/2018\/08\/werkstatt7-768x538.jpg 768w, http:\/\/klavierladen.com\/wp-content\/uploads\/2018\/08\/werkstatt7-1024x717.jpg 1024w\" sizes=\"(max-width: 300px) 100vw, 300px\" \/><\/p>\n<p>In der Werkstatt f\u00fchre ich Reparaturen am Klavieren, Fl\u00fcgeln und Cembalos durch von einfachen Spielwerkreparaturen bis zu gro\u00dfen Restaurierungen.<\/p>\n<p>&nbsp;<\/p>\n<p>&nbsp;<\/p>\n","protected":false},"excerpt":{"rendered":"<p>Stimmung Als langj\u00e4hrig erfahrener Klavier- und Konzertstimmer komme ich nach Vereinbarung zu Ihnen, um Ihr Instrument zu stimmen, intonieren und kleinere Reparaturen durchzuf\u00fchren. &nbsp; Reparaturen In der Werkstatt f\u00fchre ich Reparaturen am Klavieren, Fl\u00fcgeln und Cembalos durch von einfachen Spielwerkreparaturen bis zu gro\u00dfen Restaurierungen. &nbsp; &nbsp;<\/p>\n","protected":false},"author":1,"featured_media":0,"parent":0,"menu_order":0,"comment_status":"closed","ping_status":"closed","template":"","meta":{"footnotes":""},"_links":{"self":[{"href":"http:\/\/klavierladen.com\/index.php?rest_route=\/wp\/v2\/pages\/37"}],"collection":[{"href":"http:\/\/klavierladen.com\/index.php?rest_route=\/wp\/v2\/pages"}],"about":[{"href":"http:\/\/klavierladen.com\/index.php?rest_route=\/wp\/v2\/types\/page"}],"author":[{"embeddable":true,"href":"http:\/\/klavierladen.com\/index.php?rest_route=\/wp\/v2\/users\/1"}],"replies":[{"embeddable":true,"href":"http:\/\/klavierladen.com\/index.php?rest_route=%2Fwp%2Fv2%2Fcomments&post=37"}],"version-history":[{"count":3,"href":"http:\/\/klavierladen.com\/index.php?rest_route=\/wp\/v2\/pages\/37\/revisions"}],"predecessor-version":[{"id":60,"href":"http:\/\/klavierladen.com\/index.php?rest_route=\/wp\/v2\/pages\/37\/revisions\/60"}],"wp:attachment":[{"href":"http:\/\/klavierladen.com\/index.php?rest_route=%2Fwp%2Fv2%2Fmedia&parent=37"}],"curies":[{"name":"wp","href":"https:\/\/api.w.org\/{rel}","templated":true}]}}